Is 73 a factor of 918?
False
Is 13 a factor of 468?
True
Is 10318 a multiple of 154?
True
Is 2645 a multiple of 23?
True
Does 16 divide 9584?
True
Does 67 divide 8576?
True
Is 647 a multiple of 2?
False
Is 5 a factor of 900?
True
Is 918 a multiple of 18?
True
Is 5292 a multiple of 49?
True
Is 1000 a multiple of 4?
True
Is 7 a factor of 22129?
False
Does 13 divide 113477?
True
Does 24 divide 9468?
False
Does 126 divide 18060?
False
Is 28973 a multiple of 238?
False
Is 224 a factor of 35392?
True
Is 8 a factor of 609?
False
Is 15732 a multiple of 38?
True
Does 5 divide 193?
False
Is 42 a factor of 13787?
False
Is 682 a multiple of 11?
True
Is 74 a factor of 1258?
True
Is 77 a multiple of 7?
True
Does 45 divide 30641?
False
Is 39 a factor of 2496?
True
Does 41 divide 8698?
False
Does 14 divide 10458?
True
Is 18858 a multiple of 66?
False
Is 257 a factor of 13364?
True
Is 1178 a multiple of 10?
False
Does 32 divide 75?
False
Is 52 a factor of 130982?
False
Is 40 a factor of 33777?
False
Does 4 divide 715?
False
Does 253 divide 68816?
True
Is 15 a factor of 11438?
False
Does 35 divide 1855?
True
Does 16 divide 9056?
True
Does 3 divide 367?
False
Does 10 divide 2750?
True
Does 10 divide 1414?
False
Is 22 a factor of 1606?
True
Is 17 a factor of 229?
False
Is 7536 a multiple of 48?
True
Is 8 a factor of 1272?
True
Is 35 a factor of 2660?
True
Is 319 a multiple of 5?
False
Is 189 a factor of 70686?
True
Is 504 a multiple of 28?
True
Is 58318 a multiple of 140?
False
Does 17 divide 4165?
True
Is 119 even?
False
Is 42778 a multiple of 73?
True
Is 533 a multiple of 13?
True
Is 59 a factor of 207?
False
Is 130 a factor of 88010?
True
Does 50 divide 657?
False
Is 104 a multiple of 13?
True
Is 16 a factor of 18?
False
Does 20 divide 840?
True
Does 3 divide 945?
True
Is 9 a factor of 3537?
True
Is 47 a factor of 1786?
True
Is 345 a factor of 23460?
True
Is 88 a factor of 5484?
False
Is 1633 a multiple of 23?
True
Is 21 a factor of 146?
False
Does 22 divide 5883?
False
Is 383 a multiple of 4?
False
Does 29 divide 18676?
True
Is 6380 a multiple of 10?
True
Is 41 a factor of 1524?
False
Is 163 a factor of 76610?
True
Does 88 divide 1672?
True
Is 46 a factor of 1058?
True
Does 41 divide 3157?
True
Does 50 divide 14300?
True
Is 39 a factor of 1053?
True
Does 11 divide 1759?
False
Is 2555 a multiple of 19?
False
Does 22 divide 302?
False
Is 28 a factor of 19936?
True
Is 184 a multiple of 4?
True
Is 1470 a multiple of 35?
True
Is 7571 a multiple of 67?
True
Is 15170 a multiple of 74?
True
Is 11975 a multiple of 25?
True
Is 3561 a multiple of 25?
False
Is 16302 a multiple of 22?
True
Does 54 divide 7418?
False
Is 4437 a multiple of 59?
False
Is 640 a multiple of 20?
True
Is 1834 a multiple of 7?
True
Is 2224 a multiple of 110?
False
Is 36 a factor of 9684?
True
Is 390 a multiple of 13?
True
Is 187 a multiple of 17?
True
Is 558 a multiple of 18?
True
Does 139 divide 19043?
True
Does 14 divide 168?
True
Does 3 divide 1663?
False
Does 14 divide 26978?
True
Is 117 a factor of 2223?
True
Is 83 a multiple of 3?
False
Does 30 divide 750?
True
Does 2 divide 915?
False
Is 3131 a multiple of 13?
False
Is 21603 a multiple of 19?
True
Is 35 a factor of 5425?
True
Is 39 a factor of 37791?
True
Is 1260 a multiple of 20?
True
Is 24 a factor of 1296?
True
Is 18 a factor of 1008?
True
Is 16 a factor of 7320?
False
Is 69 a factor of 1996?
False
Is 3 a factor of 398?
False
Is 5 a factor of 2992?
False
Is 9 a factor of 19035?
True
Is 57960 a multiple of 105?
True
Is 1127 a multiple of 23?
True
Is 16 a factor of 793?
False
Does 51 divide 5916?
True
Is 10 a factor of 750?
True
Is 1276 a multiple of 58?
True
Is 2589 a multiple of 2?
False
Does 64 divide 3008?
True
Is 40207 a multiple of 73?
False
Does 53 divide 25440?
True
Does 13 divide 10803?
True
Does 205 divide 6264?
False
Is 212 a multiple of 6?
False
Is 5085 a multiple of 9?
True
Is 6700 a multiple of 20?
True
Does 21 divide 2016?
True
Is 166 a factor of 1826?
True
Is 950 a multiple of 41?
False
Is 40362 a multiple of 42?
True
Does 3 divide 2363?
False
Is 2983 a multiple of 19?
True
Does 14 divide 812?
True
Is 28 a factor of 3108?
True
Is 10619 a multiple of 58?
False
Is 5402 a multiple of 74?
True
Does 86 divide 11850?
False
Is 83 a factor of 41986?
False
Does 7 divide 63?
True
Does 10 divide 30466?
False
Does 20 divide 50960?
True
Is 9 a factor of 1077?
False
Does 47 divide 24581?
True
Is 22230 a multiple of 11?
False
Is 55 a factor of 1202?
False
Is 24 a factor of 806?
False
Does 15 divide 23430?
True
Is 29 a factor of 87?
True
Does 22 divide 1000?
False
Does 4 divide 177?
False
Does 12 divide 2172?
True
Is 3 a factor of 4158?
True
Is 14 a factor of 16591?
False
Does 33 divide 396?
True
Does 6 divide 1319?
False
Is 32 a factor of 4640?
True
Is 115 a multiple of 62?
False
Is 25636 a multiple of 34?
True
Is 16 a factor of 1235?
False
Is 20 a factor of 2296?
False
Is 30 a multiple of 30?
True
Is 44726 a multiple of 17?
False
Is 19 a factor of 9988?
False
Is 44 a factor of 29241?
False
Does 68 divide 661?
False
Does 125 divide 3234?
False
Is 18373 a multiple of 63?
False
Is 5244 a multiple of 112?
False
Is 10 a factor of 1280?
True
Is 572 a multiple of 52?
True
Does 111 divide 7659?
True
Is 29304 a multiple of 66?
True
Does 9 divide 105339?
False
Does 52 divide 1196?
True
Is 881 a multiple of 7?
False
Does 13 divide 910?
True
Does 33 divide 14586?
True
Is 12 a factor of 3804?
True
Is 196 a multiple of 5?
False
Is 9126 a multiple of 13?
True
Is 11348 a multiple of 4?
True
Does 20 divide 300?
True
Is 9984 a multiple of 48?
True
Is 78 a factor of 46047?
False
Is 16 a factor of 637?
False
Is 645 a multiple of 43?
True
Is 91 a multiple of 2?
False
Is 34 a factor of 6941?
False
Is 12757 a multiple of 34?
False
Does 91 divide 9555?
True
Does 31 divide 465?
True
Is 2484 a multiple of 61?
False
Is 1390 a multiple of 43?
False
Does 179 divide 58712?
True
Is 7691 a multiple of 323?
False
Does 8 divide 421?
False
Is 7169 a multiple of 4?
False
Is 3161 a multiple of 29?
True
Is 14 a factor of 37841?
False
Is 462 a multiple of 30?
False
Is 115 a factor of 3335?
True
Is 39008 a multiple of 16?
True
Does 98 divide 4704?
True
Is 27 a factor of 4169?
False
Is 44 a factor of 2772?
True
Does 81 divide 1294?
False
Is 34 a factor of 120088?
True
Does 4 divide 8750?
False
Does 10 divide 25077?
False
Does 217 divide 34061?
False
Does 17 divide 2062?
False
Is 132 a multiple of 6?
True
Is 25381 a multiple of 178?
False
Is 1584 a multiple of 12?
True
Does 8 divide 5166?
False
Is 14 a factor of 16702?
True
Is 691 a multiple of 4?
False
Is 41254 a multiple of 15?
False
Is 868 a multiple of 28?
True
Does 32 divide 5312?
True
Is 2834 a multiple of 2?
True
Is 28 a factor of 84?
True
Does 142 divide 36582?
False
Does 10 divide 670?
True
Does 75 divide 450?
True
Is 5 a factor of 3674?
False
Is 572 a multiple of 233?
False
Is 14399 a multiple of 81?
False
Is 4 a factor of 10800?
True
Is 14 a factor of 49269?
False
Is 88010 a multiple of 65?
True
Does 44 divide 1020?
False
Does 8 divide 1836?
False
Does 44 divide 109320?
False
Is 13299 a multiple of 6?
False
Is 20436 a multiple of 13?
True
Is 115 a multiple of 5?
True
Does 11 divide 446?
False
Is 193 a factor of 2232?
False
Is 702 a multiple of 26?
True
Does 5 divide 289?
False
Does 6 divide 2178?
True
Does 139 divide 3614?
True
Is 2 a factor of 3215?
False
Is 182 a factor of 78442?
True
Does 61 divide 11224?
True
Is 28 a factor of 541?
False
Is 52340 a multiple of 20?
True
Does 14 divide 350?
True
Is 21 a factor of 37950?
False
Is 1225 a multiple of 7?
True
Does 22 divide 1166?
True
Is 29 a factor of 116?
True
Does 13 divide 859?
False
Is 697 a multiple of 2?
False
Does 36 divide 29837?
False
Is 969 a multiple of 19?
True
Does 46 divide 38594?
True
Is 42 a multiple of 19?
False
Is 919 a multiple of 20?
False
Does 3 divide 4716?
True
Is 30402 a multiple of 9?
True
Does 14 divide 150806?
False
Does 4 divide 1071?
False
Is 21054 a multiple of 11?
True
Is 58 a factor of 740?
False
Is 682 a multiple of 22?
True
Is 6951 a multiple of 21?
True
Is 15 a factor of 3218?
False
Is 1360 a multiple of 10?
True
Does 9 divide 23078?
False
Is 13 a factor of 182?
True
Is 40776 a multiple of 95?
False
Is 5 a factor of 470?
True
Is 